, 59
Let z be -4 + (13 - 4/(-4)). List the prime factors of ((-62)/(-4))/(1/z).
5, 31
Let g = -221 - -459. List the prime factors of g.
2, 7, 17
Let i = -184 - -378. What are the prime factors of i?
2, 97
Let n = -6 + 2. Let v be (-10)/3*6/n. Suppose -v*j + 197 = 27. List the prime factors of j.
2, 17
Suppose 16*x = -104 - 40. What are the prime factors of 170 + -3 + x/3 + 2?
2, 83
Let x(y) = -y**2 + 6*y + 6. Let v = 6 - 3. Suppose 28 = 5*o - u, -7 - 17 = -3*o - v*u. What are the prime factors of x(o)?
2, 3
Let l(u) = -u**3 - 5*u**2 + 9*u - 3. Let r be l(-8). What are the prime factors of r/(9*2/12)?
2, 3, 13
Suppose h + 5*g = -227, -4*h - g - 490 = -2*h. Let r = h + 394. Let l = -72 + r. List the prime factors of l.
3, 5
Suppose o - 3*d - 28 = 0, -10*d - 128 = -5*o - 7*d. List the prime factors of o.
5
Suppose -605 = -4*b + 3*x, 3*x - 144 = 2*b - 445. Suppose 0 = -2*u + 4*j + b, 0*u - j + 249 = 3*u. What are the prime factors of u?
2, 41
Let y(q) = q**3 + 8*q**2 - 11*q - 12. Let i be y(-9). Suppose 7*s - s = i. Let p = s + 20. List the prime factors of p.
3, 7
Suppose 3*a - 396 = 3*v, -5*v = 2*a - 198 - 52. List the prime factors of a.
2, 5, 13
Let t = 103 - 67. Let n = t + -26. Suppose -3*r - n = -c, c - 4*c = -3*r - 54. List the prime factors of c.
2, 11
Let d(p) = -56*p + 20. List the prime factors of d(-2).
2, 3, 11
Let f = -8572 + 12466. List the prime factors of f.
2, 3, 11, 59
Let p be ((-7)/(-2))/(3/(-12)). Let c be (-4)/p - 24/(-14). Suppose c*l = 4*l - 78. What are the prime factors of l?
3, 13
Suppose 19*o - 17*o = 830. List the prime factors of o.
5, 83
Suppose -36 = -j + 13. List the prime factors of (j/28)/(1/32).
2, 7
Let r(m) be the first derivative of -m**2/2 + 2*m + 2. Let x = -5 - 3. List the prime factors of r(x).
2, 5
Let d(b) = -b**3 + 7*b**2 + b - 9. Let c be d(7). List the prime factors of 2/(-5) + (-514)/20*c.
3, 17
List the prime factors of (-6 + 0 + -201)*-5 + -5.
2, 5, 103
Let k = 156 + 684. What are the prime factors of k?
2, 3, 5, 7
Let k be (-14)/(-18) - 26/(-117). Let y(q) = 47*q - 2. Let a be y(k). Suppose 4*g = g + a. What are the prime factors of g?
3, 5
List the prime factors of (34/(-17))/(0 + (-1)/591).
2, 3, 197
List the prime factors of 5 + 2404/((-12)/(-12)).
3, 11, 73
Suppose 109561 - 13933 = 26*a. List the prime factors of a.
2, 3, 613
Let k(q) = 9*q**2 - q + 2. Let l be k(3). Suppose -2*u + l = 3*j, -2*u - 28 = -3*j + 72. List the prime factors of j.
2, 3, 5
Let f = 995 + -700. What are the prime factors of f?
5, 59
Suppose 17*o = -u + 13*o + 3701, 7454 = 2*u - 5*o. List the prime factors of u.
3, 7, 59
What are the prime factors of -16*30/(-36)*(-228)/(-5)?
2, 19
Let g = -109 + 71. Let m = g - -57. What are the prime factors of m?
19
Let f be 12/48 + 2/(-8). Let b(z) = z**3 - z**2 - 3*z + 16. List the prime factors of b(f).
2
Let i(a) = -a**3 - 4*a**2 - 4*a - 1. Let x be i(-2). Let v be x - 2 - (0 + -7). Suppose -2*o - 47 = -3*o - 5*f, o = v*f + 38. What are the prime factors of o?
2, 3, 7
Suppose -4074 = -124*p + 121*p. What are the prime factors of p?
2, 7, 97
Suppose b = -2*g + 206, -3*g + 5*g + 1018 = 5*b. Let z = b + -136. List the prime factors of z.
2, 17
Let j = 2049 - 1291. What are the prime factors of j?
2, 379
Suppose -t + 6*t - m - 3874 = 0, -4*m - 16 = 0. What are the prime factors of t?
2, 3, 43
Let n = 2250 + -1143. What are the prime factors of n?
3, 41
Suppose -2*m + 1 = n, 5 = 8*n - 3*n + 2*m. Let g be (6/4)/n*-6. Let v(d) = -2*d - 6. What are the prime factors of v(g)?
2, 3
Suppose 260*d - 269*d = -6525. List the prime factors of d.
5, 29
Let x(o) = 5*o + 25. Let b = -55 + 68. List the prime factors of x(b).
2, 3, 5
Let y = 43 - -203. What are the prime factors of y?
2, 3, 41
Let q(p) = 3*p**2 - p + 5. Let s = 40 - 33. What are the prime factors of q(s)?
5, 29
Let x(f) = 52*f - 56. List the prime factors of x(7).
2, 7, 11
Let b be ((-4)/6)/(1/3). Suppose -2*m + 5*w + 343 = m, 6 = -3*w. List the prime factors of 1*m*b/(-6).
37
Let b = 409 + 456. List the prime factors of b.
5, 173
Suppose 0 = -5*j + 11 + 4. Suppose -155 = -j*o + 76. What are the prime factors of o?
7, 11
Let j(p) = 2*p**3 - 3*p**2 + 2. Let x be j(2). List the prime factors of 7 + 20 - x/(-3).
29
Let g = 87 + -32. Let i = 35 + g. What are the prime factors of i?
2, 3, 5
Suppose 3*p + 5*y = 55, -p - 3*y + 8*y = -5. Let g = -12 + p. Suppose 0 = -z - g*z + 36. What are the prime factors of z?
3
Suppose -5*m - y + 16 = 0, -6*y + 4*y - 13 = -5*m. Suppose -4*s - q + 33 = -0*q, 3*q = m. Suppose 0 = -x + s + 13. What are the prime factors of x?
3, 7
Suppose -3*x + 61 = 5*d + 7, -4*x + 72 = 4*d. Let a(r) be the second derivative of r**4/12 - 17*r**3/6 - 3*r**2 + 11*r + 13. What are the prime factors of a(x)?
2, 3
Suppose 0 = 4*l - l + 3*i + 6, 3*l - 4 = -i. Suppose -h + 1 = -l, 3*n = -h + 31. Suppose -n*a + 10*a - 7 = 0. List the prime factors of a.
7
Let v(y) = y - 5. Let k be v(0). What are the prime factors of (-1)/(k/((-645)/(-3)))?
43
Let g be 26 - (-2 + (5 - 3)). Let q = g - 9. Suppose 3*c - q = 46. List the prime factors of c.
3, 7
Let s(g) = -15*g**3 - 7*g**2 + 6*g + 5. What are the prime factors of s(-6)?
2957
Let f(x) = -11*x - 4. Let u(m) = -1. Let g be 9/((-3)/(-4)*2). Let i(q) = g*u(q) - f(q). What are the prime factors of i(3)?
31
Let x(z) = 101*z + 8. Let y(r) = -1314*r - 105. Let b(v) = -27*x(v) - 2*y(v). What are the prime factors of b(-1)?
3, 31
What are the prime factors of 5 + (-206)/42 - 44623/(-21)?
5, 17
Let k(v) = 2*v**2 - v - 1. Let f be k(2). Suppose -5*u = -f - 0. Let x = 11 - u. List the prime factors of x.
2, 5
What are the prime factors of ((-2211)/(-44))/((-4)/((-240)/9))?
5, 67
Let f be -1*(-2 + (-1 - -3)). Suppose f = -5*d - 0*d - 15. List the prime factors of (-2 - (d - 2)) + 28.
31
Suppose 6 - 8 = o. Let c(i) = 35*i**2 + i. List the prime factors of c(o).
2, 3, 23
Let h(r) = -18*r**3 - 6*r**2 + 5. List the prime factors of h(-3).
19, 23
Suppose 0 = -2*c + 74 + 946. List the prime factors of c.
2, 3, 5, 17
Suppose -7*l + 1531 + 373 = 0. List the prime factors of l.
2, 17
Let m = -41 - -68. Let w = m + 101. What are the prime factors of w?
2
Let u(r) be the first derivative of r**4/4 + 2*r**3 - r**2 + 4*r - 8. Let d be u(-7). What are the prime factors of (-3)/6 + d/(-2)?
3, 5
List the prime factors of (-470)/(((-6)/1)/6).
2, 5, 47
Suppose 2*i - 3644 = -4*v, 13*v - 18*v + 2*i + 4555 = 0. List the prime factors of v.
911
Let q(d) = d**2 - 11*d + 27. Let h be q(8). Suppose 25 = h*f - 125. What are the prime factors of f?
2, 5
Let k(r) = r**3 - 28*r**2 - 58*r - 56. What are the prime factors of k(31)?
3, 7
Let g = 158 + 321. What are the prime factors of g?
479
Suppose -2*m + 11 - 31 = 0. Let f(h) = -8*h + 23. List the prime factors of f(m).
103
Suppose -4*a = -4*m + a + 112, -3*a - 87 = -3*m. Suppose -3*t = -5*s + 3*s + 14, t + 5*s + m = 0. List the prime factors of ((-102)/2)/(t - -7).
3, 17
Let a(y) = -4*y + 773. List the prime factors of a(-14).
829
What are the prime factors of (-745974)/(-270) - (-10)/75?
3, 307
List the prime factors of (3 - -386) + 2 + 5/(-1).
2, 193
Let t = -59 - -68. Suppose -t - 271 = -4*a. What are the prime factors of a?
2, 5, 7
Let x = -73 + 138. Let j = x - 20. What are the prime factors of j?
3, 5
Suppose -5*a + 20 = 5*a. Suppose 0 = 4*x - a*c - 502, -3*c - 172 = 3*x - 544. List the prime factors of x.
5
Let s = 19 + -13. Let f(v) = -v**2 + 5*v + 10. Let k be f(s). What are the prime factors of 23/k + (-9)/(-36)?
2, 3
Let h be 3 + 2 - (4 + 1). Suppose h = 6*s + 123 - 633. What are the prime factors of s?
5, 17
Let q be 6/(-4)*(-32)/6. Let f(k) = -k - 11. Let i be f(q). Let h = -6 - i. List the prime factors of h.
13
Let j(k) = k + 1. Let y be j(7). Suppose 0*m + y = 4*m. Suppose w - 76 = -m*r, r + 152 = 2*w + 6*r. What are the prime factors of w?
2, 19
Let p(n) = -50*n**3 - 3*n**2 - 2*n. Let l be -3 + (2 - 3) - -3. What are the prime factors of p(l)?
7
Let h(l) = 8*l**2 - 53*l - 40. What are the prime factors of h(19)?
7, 263
Suppose 8*z + 31 = 3103. List the prime factors of z.
2, 3
Let g(v) = -v + 3. Let f be g(3). Suppose 0 = -2*p - f*p + 8. Suppose -103 + 43 = -p*l. What are the prime factors of l?
3, 5
Let s be (-4010)/(-20) - 2/(-4). Suppose 12*y - 9